be o(-5). Let u = -32 - v. What is the remainder when u is divided by 9?
3
Suppose -4*x - 420 = h - 5*h, -x + 111 = h. Suppose 3*n = h - 12. Let o(z) = -7*z - 222. What is the remainder when o(-45) is divided by n?
29
Let x(k) = k**2 + 49. Let t be x(0). Let z = t + -27. What is the remainder when z is divided by 13?
9
Suppose 160*i = 60*i + 5700. Calculate the remainder when 185 is divided by i.
14
Let f = 282 - -298. Suppose 6*o = 272 + f. Let u = -30 + 48. Calculate the remainder when o is divided by u.
16
Let b(l) = l + 22. Let r be b(8). Let x be ((-66)/(-18) + -3)*r/(-4). What is the remainder when 2 is divided by (8 - (2 - -1))*(-1)/x?
0
Let k = -113 - -116. What is the remainder when (-24)/(-6) - (k + -166 + 3) is divided by 55?
54
Let c(f) = -52*f**2 + 15*f + 27. Let t be c(-3). Calculate the remainder when (t/36)/((-2)/20) is divided by 35.
30
Let h = -1085 - -1115. What is the remainder when h is divided by 8?
6
What is the remainder when 343 is divided by (8/(-10))/((-22)/4840)?
167
Let a(p) = 56*p - 297. Let d = -347 + 354. What is the remainder when a(d) is divided by (8*1)/((-1)/(-4))?
31
Let c(z) = -5*z + 22. Let o be c(4). Let f = -11 - -13. Suppose f*q - 42 = -4*y + 18, -2*q - o*y + 58 = 0. What is the remainder when 82 is divided by q?
26
Suppose -3823*h = -m - 3820*h + 3029, -9111 = -3*m + 3*h. Calculate the remainder when m is divided by 179.
177
Let y(p) = 34*p + 1219. What is the remainder when 192 is divided by y(-35)?
18
Let o = 35 - 35. Suppose o = -z - 5*i + 88, 6*i - 420 = -5*z + i. Calculate the remainder when z is divided by 29.
25
Suppose -18*y + 72930 = -5*y. What is the remainder when y is divided by 61?
59
Let f(s) = -s**3 - 13*s**2 + 71*s - 285. Calculate the remainder when 209 is divided by f(-18).
38
Let t(p) = 78*p - 1836. What is the remainder when t(38) is divided by 41?
21
Let r = -44 - -47. Suppose -b - 2 = -3*g, -7 + r = 2*g + 2*b. Suppose g*a = -3*a + 102. Calculate the remainder when a is divided by 10.
4
Suppose 29165 + 4731 = 152*i. What is the remainder when 595 is divided by i?
149
Suppose -s + 69 = 76. Calculate the remainder when 4/(40/450) - s is divided by 19.
14
Calculate the remainder when 727 is divided by (-20)/(-90) + 4088/72.
43
Suppose -2*m - 3*z + 2 = -25, -2*z + 42 = 4*m. Suppose m*n + 390 - 1416 = 0. Suppose -6*u + n = 24. Calculate the remainder when 25 is divided by u.
10
Suppose 175 + 122 - 25 = 17*h. What is the remainder when 10575 is divided by h?
15
Calculate the remainder when (-7465)/((9/(-21))/((-126)/(-735))) is divided by 36.
34
Let g = 292 - 299. Let q(i) = -i**3 - 10*i**2 - 25*i + 14. Calculate the remainder when q(g) is divided by 15.
12
Let x be -5 - 45/(-10) - (-4710)/12. Let y = x + -370. What is the remainder when 53 is divided by y?
9
Suppose 4*u - 3 = -w, -4*w + 79 = w + 4*u. Calculate the remainder when 1897 is divided by w.
16
Let l be (6 - -6*12)*(-5)/(-2). Suppose -7*x + l = 62. Calculate the remainder when 146 is divided by x.
13
Let d = -88 - -95. Suppose 2*j - 90 = -d*j. Suppose -j*l = -204 + 34. What is the remainder when 100 is divided by l?
15
Let a(n) = n**3 - 6*n**2 - 113*n - 740. Suppose 1 = l - 0*l + 3*i, -33 = -5*l - i. Let b = 22 + l. What is the remainder when b is divided by a(16)?
5
Suppose -57 - 113 = -10*t + 330. Calculate the remainder when 351 is divided by t.
1
Let x(m) be the second derivative of 11*m**3/2 + 3*m**2 - 231*m. Suppose 5*c = -0 + 10. Calculate the remainder when x(c) is divided by 21.
9
Suppose -132*h + 2133 + 375 = 0. What is the remainder when 1746 is divided by h?
17
What is the remainder when ((-9)/21 - 304/(-7)) + 1 + 2 is divided by 32?
14
Suppose 749 + 25 = 18*u. Calculate the remainder when 2789 is divided by u.
37
Let a(c) = -c**3 - 6*c**2 - 5*c - 20. Let q be a(-6). What is the remainder when (q/3)/((-3)/(-27)) is divided by 16?
14
Suppose 114 = 18*h + h. Calculate the remainder when 92/h - (-6)/9 is divided by 4.
0
Let a(x) be the third derivative of x**4/12 + x**3/2 - 5*x**2. Let n = 146 + -87. Calculate the remainder when n is divided by a(6).
14
Calculate the remainder when 156/5*765/459 is divided by 19.
14
Suppose -2*i + 4 = -5*a, 270*a - 268*a + 73 = 5*i. Calculate the remainder when 143 is divided by i.
7
Suppose 7726 + 13774 = 74*b - 24*b. What is the remainder when b is divided by 151?
128
Suppose 22*l + 2*s = 17*l + 2443, -1934 = -4*l - 5*s. Calculate the remainder when l is divided by 114.
35
Suppose 187*y - 188*y + 67 = 0. Suppose y = 4*n - 5. What is the remainder when n is divided by 10?
8
Suppose -10 = 5*h - 0. Suppose -35*i + 32*i + p = -47, 3*p + 21 = i. Calculate the remainder when (-50)/(-2) - 8/h is divided by i.
14
Let f = 23006 - 22357. Calculate the remainder when f is divided by 218.
213
Let t(f) = -276*f - 288. Calculate the remainder when t(-2) is divided by 149.
115
Suppose -555*l + 90 = -546*l. Calculate the remainder when 66/55*80/3 is divided by l.
2
Let f = -1710 - -2906. Let x = 1213 - f. Suppose -3*i + 192 = i. What is the remainder when i is divided by x?
14
Let u be (-4 + (-9)/(-3))*37. Let z = -10 + -16. Let w = z - u. What is the remainder when 30 is divided by w?
8
Suppose -3*y = -4*l + 954, -5*l = -2*y - 852 - 337. Suppose -2*j = -4*t - 330, -4*j - t + 396 = -l. What is the remainder when j is divided by 41?
36
Suppose -5*i + 2233 = 2*j, -21*j = -26*j - 3*i + 5592. What is the remainder when j is divided by 25?
19
Let w(n) = -125*n - 1544. Let u(g) = -83*g - 1031. Let z(m) = -7*u(m) + 5*w(m). Suppose 2*l = 2 + 12. Calculate the remainder when z(-12) is divided by l.
4
Let a(j) = 3*j - 46. Let c be a(16). Suppose 0 = -w - c*r + 24, -2*w + 5*r = -2 - 1. What is the remainder when 107 is divided by w?
9
Suppose 21*j - 235 = 68*j. What is the remainder when 250 is divided by 3/(-4)*(j - 2632/24)?
78
Suppose -3*a = -14*a + 539. Let v = a + -47. Suppose v*t = 4*c - 214, -5*c - 40 = -t - 300. What is the remainder when 98 is divided by c?
47
Suppose -7 = -p, -4*a + 50*p - 45*p = -1897. Calculate the remainder when 513 is divided by a.
30
Suppose -3*s - 1395 = -8*s - 3*y, -2*s + 4*y + 532 = 0. Suppose 282*h - 150 = s*h. Calculate the remainder when 148 is divided by h.
23
Let s = 44 + -63. Let x(z) = -1 + 4*z**3 - 3*z**3 - 2*z + 30 - 23*z**2 + 22*z**2 + 20*z**2. Calculate the remainder when x(s) is divided by 18.
13
Calculate the remainder when 105/4*3*(-4)/(-3) is divided by 34.
3
Let l(c) = c**2 + c + 10. Let d be l(7). Suppose -5*k = -686 + d. Calculate the remainder when k is divided by 25.
24
Let b = 10478 - 10269. Calculate the remainder when b is divided by 90.
29
Let x = 25 + -21. Suppose q - 12 = -x*l, 0 = 3*l - 2*q - q + 6. Let j(i) = -i**3 + 7*i**2 - 9*i + 2. What is the remainder when j(5) is divided by l?
1
Suppose -x + 10*x = 81. Let b be 4 + 16/(-4) - 13. Let r = b + 46. Calculate the remainder when r is divided by x.
6
Let s be 1/2*(1 - -1). Let k be s/2 + 106/4. Suppose k = 3*m + 3*q, -q = -m + 5 + 14. Calculate the remainder when 82 is divided by m.
12
Suppose -2*t + 111 = -243. Suppose 1432*p - 1423*p - 270 = 0. What is the remainder when t is divided by p?
27
Suppose -4*m - p = -1714, 5 = -p + 7. Let q = -296 + m. Calculate the remainder when q is divided by 20.
12
Let u = 10479 + -10469. Suppose -2*d = -242 - 156. Calculate the remainder when d is divided by u.
9
Suppose -122*a + 143 = -229*a + 120*a. Calculate the remainder when 123 is divided by a.
2
Suppose 288 = 14*m - 10 - 136. What is the remainder when 1183 is divided by m?
5
Let n = -69 - -68. Let z be (-160)/(-30) + n/3. Suppose d - 23 = z*b + 55, 3*d + 5*b - 254 = 0. What is the remainder when d is divided by 12?
11
Suppose -3*x - 336 = -5*x. Suppose 4*f + x = -8. Let m = f - -60. Calculate the remainder when 27 is divided by m.
11
Let o(b) = b**2 - 24*b + 89. Let g be o(20). Suppose 4*c - 4*w = -c + 142, -g = 3*w. Suppose 315 - 60 = 5*v. What is the remainder when v is divided by c?
25
Let j be 247/57 - 4/(-6). Suppose 17 = 4*b + 1. What is the remainder when b is divided by (-70)/25 - -6 - (-4)/j?
0
Let l = 3566 - 3422. What is the remainder when 447 is divided by l?
15
Suppose -12 = -5*d + 3. Suppose 0 = -h - d*h + 144. Suppose -22*r + 2*r + 260 = 0. Calculate the remainder when h is divided by